se 16) in base 8?
-1244
5a6 (base 16) to base 2
10110100110
Convert -1302101 (base 4) to base 15.
-2278
11001111 (base 2) to base 6
543
What is -5711 (base 16) in base 6?
-251105
Convert 38e (base 16) to base 14.
490
Convert -1210031 (base 4) to base 13.
-2bc4
What is -18a (base 12) in base 9?
-307
-8333 (base 13) to base 15
-5585
Convert 1862 (base 13) to base 8.
7055
-48bd (base 15) to base 14
-58d8
What is -445 (base 15) in base 8?
-1705
303 (base 6) to base 10
111
What is 733 (base 12) in base 10?
1047
What is -101000100011001 (base 2) in base 4?
-11010121
What is 111012 (base 4) in base 9?
1760
Convert 507 (base 12) to base 16.
2d7
Convert 3c3 (base 16) to base 3.
1022200
Convert -396 (base 11) to base 4.
-13110
Convert -4379 (base 14) to base 2.
-10110110010111
314 (base 13) to base 7
1346
What is 2203 (base 8) in base 2?
10010000011
-345 (base 6) to base 4
-2021
What is 121044 (base 5) in base 16?
11ac
What is -1126 (base 8) in base 10?
-598
Convert 113203 (base 4) to base 13.
8bc
What is -4112 (base 5) in base 13?
-31c
What is -625 (base 11) in base 6?
-3253
What is 400a (base 11) in base 15?
18a9
Convert -2485 (base 9) to base 13.
-b00
Convert -234 (base 7) to base 9.
-146
What is 2131110 (base 4) in base 6?
114340
12027 (base 8) to base 16
1417
e291 (base 15) to base 12
23824
1015 (base 10) to base 9
1347
Convert 399 (base 10) to base 11.
333
1523 (base 12) to base 9
3350
Convert 14512 (base 6) to base 14.
bda
-1545 (base 8) to base 9
-1165
1385 (base 9) to base 14
54d
Convert -83 (base 9) to base 5.
-300
What is 26b (base 12) in base 14?
1c7
120102 (base 3) to base 5
3131
Convert -8a6 (base 13) to base 12.
-a40
-13849 (base 10) to base 9
-20887
Convert 4217 (base 8) to base 13.
cc7
4047 (base 12) to base 10
6967
What is c49 (base 16) in base 5?
100040
What is 5867 (base 14) in base 8?
36023
-322233 (base 4) to base 9
-5136
What is 1006 (base 10) in base 5?
13011
-526 (base 7) to base 14
-14d
2022324 (base 5) to base 6
412011
What is -11110100100011 (base 2) in base 10?
-15651
Convert 31562 (base 8) to base 11.
9993
8221 (base 9) to base 5
143023
What is -110101101 (base 2) in base 11?
-360
What is 716 (base 15) in base 12?
b10
Convert 63772 (base 8) to base 11.
18aa9
What is -415414 (base 6) in base 15?
-9e74
156106 (base 7) to base 14
b3ad
What is -2393 (base 10) in base 12?
-1475
21022100 (base 3) to base 7
21351
Convert -15b4 (base 12) to base 9.
-3481
What is -1265 (base 8) in base 5?
-10233
Convert 4264 (base 9) to base 12.
1994
What is -132 (base 12) in base 7?
-350
What is -401132 (base 5) in base 15?
-3b47
What is 2440 (base 8) in base 3?
1210121
What is -1111000011000 (base 2) in base 15?
-2439
What is -2201 (base 4) in base 6?
-425
What is 50 (base 9) in base 2?
101101
Convert 134 (base 16) to base 3.
102102
Convert a50 (base 14) to base 15.
905
Convert 42c1 (base 13) to base 12.
5457
-20202122 (base 3) to base 2
-1001101000011
Convert -9800 (base 11) to base 16.
-3293
Convert -1421 (base 7) to base 13.
-338
Convert -f2 (base 16) to base 7.
-464
What is ce3 (base 15) in base 7?
11331
Convert -872 (base 11) to base 12.
-733
What is -13c1 (base 14) in base 9?
-4720
12597 (base 10) to base 16
3135
-55526 (base 7) to base 5
-421420
What is 59 (base 16) in base 9?
108
Convert 756 (base 16) to base 8.
3526
-4eb (base 15) to base 4
-101201
Convert -816 (base 15) to base 2.
-11100011101
What is 4 (base 8) in base 11?
4
What is 1142 (base 7) in base 8?
646
Convert -706 (base 10) to base 4.
-23002
What is 31453 (base 6) in base 5?
114111
Convert -20451 (base 7) to base 6.
-35150
What is -445431 (base 6) in base 10?
-37531
Convert -10133 (base 7) to base 6.
-15242
-35765 (base 8) to base 5
-442344
11043 (base 5) to base 10
773
420254 (base 6) to base 12
1768a
-1c30 (base 13) to base 10
-4264
What is -43 (base 12) in base 15?
-36
What is 2563 (base 8) in base 2?
10101110011
Convert -7710 (base 10) to base 9.
-11516
242254 (base 7) to base 16
ac09
Convert -13400 (base 5) to base 7.
-3131
22123133 (base 4) to base 3
2011121012
200410 (base 5) to base 9
8641
Convert 100001010100001 (base 2) to base 12.
9a55
What is a9 (base 12) in base 8?
201
What is 3312012 (base 4) in base 7?
63630
5e7f (base 16) to base 11
171a2
What is 21047 (base 8) in base 5?
234433
What is 83685 (base 9) in base 5?
3231423
-476 (base 9) to base 14
-201
-9a70 (base 13) to base 4
-11100302
Convert 17674 (base 11) to base 3.
1020222020
Convert 3aa (base 16) to base 6.
4202
Convert 3a10 (base 11) to base 3.
21011010
What is 2021 (base 8) in base 10?
1041
Convert d00 (base 15) to base 16.
b6d
-11010110 (base 2) to base 4
-3112
What is -20f (base 16) in base 10?
-527
What is -4230 (base 6) in base 13?
-585
31421 (base 7) to base 15
2472
Convert 2111233 (base 4) to base 13.
4492
-407 (base 12) to base 10
-583
Convert 9e1 (base 15) to base 16.
8bc
7a5 (base 15) to base 16
6c2
Convert -33210 (base 6) to base 5.
-121424
Convert -1040423 (base 5) to base 16.
-473e
What is 30311 (base 4) in base 16?
335
Convert -16b (base 13) to base 15.
-123
Convert 324 (base 9) to base 4.
10021
10200 (base 11) to base 2
11101000100011
-1700 (base 12) to base 8
-5260
3969 (base 11) to base 13
2469
Convert 11101111111001 (base 2) to base 13.
6cb0
Convert 578 (base 11) to base 8.
1262
Convert 91da (base 14) to base 4.
12013330
10131114 (base 5) to base 10
83284
What is 3202100 (base 4) in base 10?
14480
Convert 1227 (base 13) to base 6.
15520
10030010 (base 4) to base 6
211232
1002112 (base 3) to base 13
494
Convert -a1d (base 14) to base 11.
-1547
What is -40534 (base 6) in base 14?
-1d6a
What is -25004 (base 6) in base 13?
-189a
Convert -149b (base 13) to base 15.
-d51
What is 225 (base 14) in base 16?
1a9
Convert -3806 (base 9) to base 15.
-c96
24021 (base 5) to base 3
2102020
-11100220 (base 3) to base 16
-c6f
Convert 0 (base 11) to base 16.
0
-cf (base 16) to base 11
-179
Convert -a5 (base 12) to base 5.
-1000
What is -1ad (base 16) in base 2?
-110101101
Convert -1010111110110 (base 2) to base 10.
-5622
-3284 (base 11) to base 3
-12221021
Convert -10110011 (base 2) to base 11.
-153
5f2f (base 16) to base 15
7347
Convert 13a46 (base 11) to base 4.
10312312
Convert e9 (base 16) to base 15.
108
What is 6aad (base 14) in base 8?
44221
Convert 24462 (base 7) to base 15.
1d79
Convert -821 (base 14) to base 12.
-b11
Convert 13241 (base 5) to base 9.
1420
What is 3115 (base 8) in base 7?
4463
Convert -13c (base 13) to base 12.
-164
21103320 (base 4) to base 15
b476
Convert -2ca (base 13) to base 8.
-770
What is 15547 (base 13) in base 5?
2243300
-358 (base 11) to base 5
-3201
Convert -85 (base 12) to base 3.
-10202
1021 (base 8) to base 6
2241
Convert 1f0 (base 16) to base 2.
111110000
100101110101111 (base 2) to base 7
110326
-10072 (base 13) to base 5
-1404104
Convert -a55 (base 11) to base 5.
-20040
-732 (base 11) to base 10
-882
Convert 3443 (base 6) to base 8.
1463
-1601 (base 8) to base 15
-3ec
What is -1110011100110 (base 2) in base 10?
-7398
What is 11011010001 (base 2) in base 6?
12025
What is -2110 (base 6) in base 8?
-732
100431 (base 5) to base 10
3241
-2d1c (base 14) to base 13
-3892
Convert 173a3 (base 11) to base 2.
101111101110010
What is 194 (base 12) in base 5?
2011
What is -112103 (base 4) in base 12?
-9ab
110123 (base 4) to base 5
20212
-80a0 (base 12) to base 7
-55440
100102 (base 4) to base 16
412
What is 1328 (base 13) in base 16?
ab2
5842 (base 9) to base 2
1000011101011
Convert 7583 (base 9) to base 12.
3293
1136 (base 14) to base 15
d43
Convert -3473 (base 11) to base 15.
-153c
3501 (base 9) to base 14
d33
What is -16b6 (base 14) in base 10?
-4080
-4b0 (base 12) to base 7
-2031
Convert 51720 (base 8) to base 11.
15136
2b51 (base 12) to base 6
35341
What is -1036 (base 11) in base 2?
-10101011010
Convert 1133104 (base 5) to base 9.
31755
Convert -1100011110111 (base 2) to base 3.
-22202201
-199 (base 15) to base 9
-450
What is 17290 (base 11) in base 15?
72ee
Convert -ac9 (base 15) to base 16.
-987
Convert -5478 (base 15) to base 2.
-100010111100000
Convert -353 (base 14) to base 8.
-1225
682 (base 15) to base 16
5c0
What is 10030 (base 4) in base 10?
268
Convert -397 (base 13) to base 5.
-10011
Convert aa (base 12) to base 6.
334
583d (base 15) to base 5
1044413
Wha